/(-2)*(-13 - 1). Suppose 5*q + 59 = -4*v - 335, -5*v - 474 = -3*q. Let t = -54 - v. What is the highest common factor of t and o?
14
Suppose 89 - 489 = -5*f. What is the highest common factor of 10 and f?
10
Suppose -3*p + 4*b + 45 = 0, -2*p - 4*b - b = -7. Suppose -17*o = -22*o + 5. Calculate the greatest common divisor of o and p.
1
Let u(d) = 25*d + 1. Let w be u(7). Calculate the greatest common divisor of 16 and w.
16
Suppose -4*m + 10 = -6. Calculate the greatest common factor of m and 28.
4
Suppose -f = 5*t - 10, -f + 4 + 7 = 4*t. Suppose 0*m - 3*m = -45. Calculate the highest common divisor of f and m.
15
Suppose -5*b + o + 501 = 0, -o + 97 = b + 2*o. Let u(g) = -7*g - 2. Let a be u(-6). What is the highest common factor of a and b?
20
Let r = 88 - 38. Calculate the highest common factor of 20 and r.
10
Let d(q) = q**2 + 6*q - 4. Let r be d(-9). Calculate the highest common factor of r and 69.
23
Let k(q) = -3*q - 6 - 6*q + 13*q. Let m be k(9). What is the highest common divisor of m and 5?
5
Suppose 2*k - 3*g - 342 = -6*g, 2*g + 332 = 2*k. What is the greatest common factor of k and 24?
24
Let p(g) be the first derivative of 2*g**3 + 3*g**2/2 + 3*g - 3. Let a be p(-2). Suppose -49 = -s - a. Calculate the highest common divisor of 14 and s.
14
Let q be 6/(-2)*(-60)/9. Let m(b) = b**2 + 13*b - 5. Let x be m(-17). Suppose -3*z - 112 + 1 = -4*i, -2*i = z - x. What is the highest common factor of q and i?
10
Suppose 2*r - 288 = -2*m, 4*m - 156 = -r - 0*m. Calculate the greatest common divisor of 56 and r.
28
Let q = -6 - -16. Let g(i) = i**3 + 0*i**3 + 10 + 2*i - 11*i - 9*i**2. Let c be g(q). Calculate the highest common divisor of c and 30.
10
Let j(w) = 0*w + 3*w - 2*w + 6. Let a be j(-6). Suppose a = -x + 5. What is the greatest common factor of x and 10?
5
Let h(w) = -w**2 + w + 14. Let j be h(0). Let u be 7/4 - (-6)/24. Suppose -u*d + 14 = -0*d. Calculate the highest common factor of d and j.
7
Let c = -7 - -16. Calculate the highest common factor of 117 and c.
9
Let o(k) = -k**3 - 27*k**2 - 2*k - 15. Let u be o(-27). Calculate the greatest common divisor of 26 and u.
13
Suppose -2*x - 8 + 24 = 0. What is the highest common factor of x and 8?
8
Let q = 799 + -446. Suppose -3*f = -0*f - 2*g - q, -4*g = -4*f + 472. Calculate the highest common factor of f and 13.
13
Suppose 85 = -5*l + 20. Let p = l + 42. Suppose p + 32 = 5*a + 3*b, 5*a - 67 = -b. Calculate the greatest common divisor of 42 and a.
14
Let v be 256/12 - 2/6. Suppose -3*j = -0*j - 51. Let a be (-6)/15 + j/5. What is the highest common divisor of v and a?
3
Suppose -5*s + 21 = 6. Let n = 4 - -26. Calculate the greatest common factor of n and s.
3
Suppose -2*k + 2 = 0, 0 = -x - x + 5*k + 11. Suppose -j = j + 14. Let b(l) = -8*l. Let i be b(j). What is the highest common divisor of x and i?
8
Let i be (-51)/(-17) + 0 + 6. Calculate the greatest common factor of 81 and i.
9
Suppose -14 = -0*s - s. Let t = -208 - -306. Calculate the greatest common factor of t and s.
14
Suppose 34*v - 32 = 30*v. What is the highest common divisor of 16 and v?
8
Let v be (-12)/(-10)*(-60)/(-9). Suppose v = 2*f, -19 = 4*b - f + 21. Let p = b - -20. Calculate the greatest common divisor of p and 55.
11
Let l(a) = -a - 12. Let r be l(-6). Let i be r/15*(-10)/4. Let x be (7/(-2))/(i/(-14)). What is the highest common divisor of 7 and x?
7
Suppose -5*n + n + 612 = 0. What is the highest common divisor of n and 17?
17
Let r = 15 - 12. Let z(a) = 20*a**2 + 2*a - 1. Let s be z(1). What is the greatest common divisor of s and r?
3
Let l be (-3 + -3 + -11)*-13. What is the highest common factor of 13 and l?
13
Suppose -3*y = -l - 9 - 9, -3*y = 2*l - 9. Let p be l/(27/(-6))*297. What is the highest common factor of p and 18?
18
Let d be 60/33 - (-2)/11. Let t(b) = -b**3 + 5*b**2 - 4*b + 3. Let l be t(d). Let v be (12/l)/(3/21). What is the highest common divisor of 8 and v?
4
Let u(h) be the third derivative of 0*h + 0 - 1/4*h**4 + h**2 - 5/6*h**3. Let b be u(-9). Calculate the greatest common divisor of b and 7.
7
Let j(n) = 2*n**2 - n. Let b be j(-1). Suppose d + b - 6 = 0. What is the highest common factor of d and 6?
3
Let s = 56 - 42. What is the highest common divisor of 28 and s?
14
Suppose 0 = -3*a - 8 + 35. Calculate the highest common factor of a and 72.
9
Let w(i) = 9*i - 5. Suppose 13 + 12 = 5*s. Let g be w(s). Suppose -17 = -2*r + 3. What is the highest common factor of r and g?
10
Let h(o) = -o**3 + 10*o**2 - 8*o + 8. Let i = 28 + -12. Suppose -4*a + i = -12. Let n be h(a). Calculate the highest common factor of 9 and n.
9
Suppose -o = -4*p + 7, -3*o + 3 = 2*p - 4. What is the greatest common divisor of o and 6?
1
Let g = 13 - 8. Let p = 78 - 68. What is the highest common divisor of g and p?
5
Suppose -x - 3 = 0, 0 = -f + 2*f + x - 37. What is the highest common divisor of 30 and f?
10
Let w be (2 - 9/3)*-290. Calculate the highest common factor of w and 10.
10
Suppose -4*t = -2*j - 36, 0*t + 3*t - 2*j - 25 = 0. Let q(k) = -k**3 + 2*k**2 - 3*k + 1. Let s be q(-3). Calculate the highest common factor of s and t.
11
Suppose -2*v - 4*k = v - 14, -2*v + 14 = 5*k. Suppose v*w + 10 = w. Let x be 36/20 + (-2)/w. Calculate the greatest common factor of 22 and x.
2
Suppose 0 = 5*b - 10, -2*a - 2*b + 13 = a. Let x(g) = 3*g**2 + g. Let s = -4 - -1. Let l be x(s). Calculate the highest common divisor of l and a.
3
Suppose 0 = -4*f - 3*l + 348, -4*f = -f + 4*l - 268. Let x = -23 + 35. What is the highest common divisor of x and f?
12
Let a = -34 + 60. Let p be 1*(-2 - -3) - -2. Suppose a = -p*h + 107. What is the highest common factor of 18 and h?
9
Suppose -w + z + 4 = 0, w - 4*z + 1 + 1 = 0. Calculate the greatest common factor of 48 and w.
6
Let n(j) = j**2 + j. Let t be n(2). Calculate the highest common factor of 15 and t.
3
Let r be (4/(-3))/(4/(-42)). Suppose -175 = 5*m + 5*w, 6*w + 101 = -3*m + w. Let o = m - -107. Calculate the highest common factor of r and o.
14
Let o = -7 - -10. Let c be o/2 + (-2)/4. Let x be (-66)/(-3) + (c - -1). What is the greatest common factor of x and 16?
8
Suppose -9*x + k = -7*x - 82, -2*k - 47 = -x. What is the highest common divisor of x and 39?
39
Let r = 176 + -126. What is the highest common factor of 10 and r?
10
Let q = -4 - 3. Let j = q - -9. What is the greatest common factor of 14 and j?
2
Suppose 7*n = 3*n + 36. Let o = 25 - n. What is the highest common divisor of o and 64?
16
Let d(a) be the second derivative of -a**4/12 + 4*a**3/3 - a**2 - 4*a. Let i be d(6). Let k be 20/(-3)*33/(-2). What is the greatest common factor of i and k?
10
Suppose -14*p + 15*p = 75. What is the highest common factor of 15 and p?
15
Suppose -2*p + 275 = 3*p. What is the greatest common factor of p and 5?
5
Suppose -4*x = q - 11, 0*x - 2*x + 10 = 2*q. Suppose 3*u = f - q*f - 18, 2*f = 0. Let h be (0 - 2)*135/u. What is the greatest common divisor of 9 and h?
9
Suppose 2*w - 4*b = 4*w + 4, 4*b = 4*w - 40. Suppose -5*h = n + 8, -5*h - 3 = 4*n - 31. What is the greatest common factor of n and w?
6
Let t = -4 + 6. Let f(o) = -6*o + 126 + t*o + 3*o. Let y be f(0). What is the greatest common divisor of 18 and y?
18
Suppose 0 = -d - 2*o + 15, -3*d + 10 = -4*d + 3*o. Calculate the greatest common divisor of 55 and d.
5
Let p be -13 + -1 - (-9)/(-3). Let g be p/(-2) - (-1)/(-2). Calculate the greatest common factor of g and 8.
8
Suppose p + 0 = -1. Let n be 7 + p/(-1) + -3. Suppose n*t = y + 20, 2*t - t + 3*y = 4. Calculate the greatest common factor of t and 8.
4
Suppose 2*h + 5 = -4*r + 3, h + 13 = 4*r. Let p be (148 + 0)*(-3)/2. Let b be p/(-4) - (-1)/r. What is the greatest common factor of 8 and b?
8
Let v(q) = -2*q + 2. Let b be v(-9). Suppose b = 3*l + l. Suppose 4*u + 4*t - 48 = 0, l*u = -2*t + 7*t + 40. Calculate the greatest common divisor of 15 and u.
5
Let m(i) = -i - 2. Let w be m(-3). Suppose n + 3*n = -5*f - 10, -3*f - n + 1 = 0. What is the greatest common divisor of w and f?
1
Let k = -192 - -193. Calculate the highest common factor of 2 and k.
1
Let k(j) = 4*j + 98. Let f be k(-20). Let p be ((-2)/(-5))/(1/30). What is the greatest common factor of p and f?
6
Suppose 2*j + 22 = 4*d, d + 2*j + 7 = 20. Let r = -4 + d. Let s(i) = 3*i**2 - 2*i - 3. Let a be s(r). Wh